
1
What is the ten thousands digit of 496981677?
8
What is the tens digit of 115924241?
4
What is the units digit of 1060205771?
1
What is the hundred millions digit of 5098079739?
0
What is the ten thousands digit of 255721090?
2
What is the thousands digit of 52010818?
0
What is the hundred millions digit of 152892663?
1
What is the ten millions digit of 75844883?
7
What is the hundred thousands digit of 2933264746?
2
What is the tens digit of 491112267?
6
What is the thousands digit of 3558969368?
9
What is the ten millions digit of 80365332?
8
What is the units digit of 11641286?
6
What is the hundred thousands digit of 650406516?
4
What is the ten millions digit of 61283228?
6
What is the hundreds digit of 305193356?
3
What is the ten thousands digit of 973343829?
4
What is the units digit of 56446806?
6
What is the millions digit of 1499492317?
9
What is the millions digit of 506182520?
6
What is the hundred millions digit of 1129579591?
1
What is the ten millions digit of 3613522264?
1
What is the units digit of 157022979?
9
What is the hundred millions digit of 952354126?
9
What is the units digit of 2260712394?
4
What is the billions digit of 1426083718?
1
What is the ten thousands digit of 6322612378?
1
What is the tens digit of 26917007?
0
What is the hundreds digit of 647190206?
2
What is the units digit of 34084486?
6
What is the hundreds digit of 111953165?
1
What is the ten millions digit of 15688252?
1
What is the ten thousands digit of 13532519?
3
What is the thousands digit of 79436979?
6
What is the hundred thousands digit of 56417688?
4
What is the ten thousands digit of 2735149076?
4
What is the ten thousands digit of 202002499?
0
What is the millions digit of 277669217?
7
What is the millions digit of 3218100?
3
What is the ten millions digit of 53487815?
5
What is the millions digit of 235540871?
5
What is the ten thousands digit of 303581577?
8
What is the thousands digit of 54845475?
5
What is the hundred millions digit of 1931629280?
9
What is the hundred millions digit of 269625637?
2
What is the tens digit of 287687990?
9
What is the ten millions digit of 2509580016?
0
What is the units digit of 2477774269?
9
What is the billions digit of 2473356147?
2
What is the hundreds digit of 1077449526?
5
What is the ten millions digit of 17021050?
1
What is the ten thousands digit of 394923945?
2
What is the units digit of 1048441189?
9
What is the billions digit of 1776996079?
1
What is the ten millions digit of 21827090?
2
What is the hundred thousands digit of 567751907?
7
What is the billions digit of 2880577222?
2
What is the tens digit of 147148472?
7
What is the units digit of 6847438?
8
What is the ten millions digit of 1317321868?
1
What is the ten thousands digit of 56022741?
2
What is the hundreds digit of 86003106?
1
What is the thousands digit of 37040132?
0
What is the tens digit of 93011438?
3
What is the ten millions digit of 1267613100?
6
What is the units digit of 3577259504?
4
What is the tens digit of 219512188?
8
What is the hundred millions digit of 7354990623?
3
What is the hundred thousands digit of 361683566?
6
What is the ten thousands digit of 18878312?
7
What is the hundreds digit of 31581792?
7
What is the millions digit of 1037216?
1
What is the millions digit of 268066966?
8
What is the hundreds digit of 160108042?
0
What is the ten millions digit of 226245585?
2
What is the hundred thousands digit of 33099135?
0
What is the ten thousands digit of 383795693?
9
What is the hundred thousands digit of 83123759?
1
What is the hundred thousands digit of 965419673?
4
What is the hundred thousands digit of 4962346659?
3
What is the millions digit of 41581965?
1
What is the hundred thousands digit of 213780602?
7
What is the units digit of 36406950?
0
What is the thousands digit of 406899234?
9
What is the tens digit of 2798921785?
8
What is the hundred thousands digit of 52660754?
6
What is the ten millions digit of 632338791?
3
What is the millions digit of 1391758411?
1
What is the ten millions digit of 1083704286?
8
What is the millions digit of 22270898?
2
What is the ten thousands digit of 32113619?
1
What is the hundred thousands digit of 1167521197?
5
What is the hundreds digit of 4309686162?
1
What is the ten millions digit of 272880024?
7
What is the millions digit of 722465715?
2
What is the tens digit of 163524841?
4
What is the millions digit of 133513926?
3
What is the thousands digit of 160302482?
2
What is the millions digit of 56440497?
6
What is the thousands digit of 201466818?
6
What is the ten millions digit of 833441701?
3
What is the hundreds digit of 38417212?
2
What is the ten thousands digit of 733314633?
1
What is the thousands digit of 28501248?
1
What is the hundred millions digit of 1941878447?
9
What is the tens digit of 49053680?
8
What is the units digit of 304141606?
6
What is the hundred thousands digit of 3770360?
7
What is the millions digit of 3241696?
3
What is the hundreds digit of 33872167?
1
What is the millions digit of 6877124?
6
What is the thousands digit of 988300?
8
What is the hundreds digit of 21736464?
4
What is the tens digit of 926542692?
9
What is the hundreds digit of 1145008059?
0
What is the hundreds digit of 609852917?
9
What is the ten thousands digit of 38336606?
3
What is the units digit of 376868364?
4
What is the hundred thousands digit of 66458268?
4
What is the hundred millions digit of 100650947?
1
What is the thousands digit of 1532588275?
8
What is the tens digit of 656866761?
6
What is the ten thousands digit of 59868801?
6
What is the tens digit of 65509243?
4
What is the ten thousands digit of 684236278?
3
What is the ten millions digit of 1044815821?
4
What is the ten thousands digit of 10119465?
1
What is the hundreds digit of 1321613938?
9
What is the tens digit of 189469600?
0
What is the units digit of 29273988?
8
What is the tens digit of 208725657?
5
What is the millions digit of 134514129?
4
What is the millions digit of 130733335?
0
What is the hundred millions digit of 2923253688?
9
What is the hundreds digit of 34149301?
3
What is the ten thousands digit of 34028172?
2
What is the units digit of 11009371?
1
What is the hundred millions digit of 5851450579?
8
What is the ten thousands digit of 58350464?
5
What is the hundred millions digit of 2304152670?
3
What is the ten thousands digit of 71158092?
5
What is the ten thousands digit of 343581267?
8
What is the tens digit of 871723173?
7
What is the hundred thousands digit of 30535289?
5
What is the millions digit of 5345945?
5
What is the millions digit of 63541221?
3
What is the hundred millions digit of 1324310207?
3
What is the billions digit of 7290708660?
7
What is the ten thousands digit of 50231782?
3
What is the millions digit of 744104721?
4
What is the hundred thousands digit of 105422108?
4
What is the hundred millions digit of 2019338718?
0
What is the ten thousands digit of 1304884832?
8
What is the units digit of 18617615?
5
What is the thousands digit of 5653392526?
2
What is the tens digit of 245106914?
1
What is the thousands digit of 731290873?
0
What is the hundred thousands digit of 37374895?
3
What is the ten thousands digit of 188363828?
6
What is the billions digit of 2008482837?
2
What is the hundred millions digit of 3201940837?
2
What is the tens digit of 41729172?
7
What is the ten millions digit of 673396127?
7
What is the ten thousands digit of 929605619?
0
What is the tens digit of 2455136820?
2
What is the tens digit of 553154743?
4
What is the hundred thousands digit of 48437392?
4
What is the thousands digit of 403994318?
4
What is the hundred thousands digit of 394756283?
7
What is the ten thousands digit of 604637156?
3
What is the tens digit of 292601393?
9
What is the hundred thousands digit of 113074174?
0
What is the billions digit of 3208671891?
3
What is the hundred thousands digit of 4439397559?
3
What is the thousands digit of 47096358?
6
What is the hundred thousands digit of 44533704?
5
What is the thousands digit of 68801284?
1
What is the ten millions digit of 517540842?
1
What is the ten millions digit of 665250992?
6
What is the units digit of 15674250?
0
What is the hundred thousands digit of 307974762?
9
What is the 